{"id":104,"date":"2021-12-24T12:40:03","date_gmt":"2021-12-24T12:40:03","guid":{"rendered":"https:\/\/www.froerupforsamlingshus.dk\/?page_id=104"},"modified":"2022-03-27T22:28:44","modified_gmt":"2022-03-27T20:28:44","slug":"store-sal","status":"publish","type":"page","link":"https:\/\/www.froerupforsamlingshus.dk\/?page_id=104","title":{"rendered":"Store sal"},"content":{"rendered":"\n<p>Vores store&nbsp;sal er oplagt til at afholde st\u00f8rre arrangementer i forbindelse med barned\u00e5b, bryllup, konfirmation, f\u00f8dselsdag eller andet. <\/p>\n\n\n\n<p>Salen m\u00e5ler ca. 17,5 meter x 8 meter.<\/p>\n\n\n\n<p>Der m\u00e5 v\u00e6re maks. 100 personer i store sal.<\/p>\n\n\n\n<h2 class=\"wp-block-heading\">Billeder fra Store Sal<\/h2>\n\n\n\n<figure class=\"wp-block-image size-large\"><img loading=\"lazy\" decoding=\"async\" width=\"1024\" height=\"683\" src=\"https:\/\/www.froerupforsamlingshus.dk\/wp-content\/uploads\/2022\/03\/344A4444-1024x683.jpg\" alt=\"\" class=\"wp-image-856\" srcset=\"https:\/\/www.froerupforsamlingshus.dk\/wp-content\/uploads\/2022\/03\/344A4444-1024x683.jpg 1024w, https:\/\/www.froerupforsamlingshus.dk\/wp-content\/uploads\/2022\/03\/344A4444-300x200.jpg 300w, https:\/\/www.froerupforsamlingshus.dk\/wp-content\/uploads\/2022\/03\/344A4444-768x512.jpg 768w, https:\/\/www.froerupforsamlingshus.dk\/wp-content\/uploads\/2022\/03\/344A4444-1536x1024.jpg 1536w, https:\/\/www.froerupforsamlingshus.dk\/wp-content\/uploads\/2022\/03\/344A4444-2048x1365.jpg 2048w\" sizes=\"auto, (max-width: 1024px) 100vw, 1024px\" \/><\/figure>\n\n\n\n<figure class=\"wp-block-image size-large\"><img loading=\"lazy\" decoding=\"async\" width=\"1024\" height=\"683\" src=\"https:\/\/www.froerupforsamlingshus.dk\/wp-content\/uploads\/2022\/03\/344A4443-1024x683.jpg\" alt=\"\" class=\"wp-image-858\" srcset=\"https:\/\/www.froerupforsamlingshus.dk\/wp-content\/uploads\/2022\/03\/344A4443-1024x683.jpg 1024w, https:\/\/www.froerupforsamlingshus.dk\/wp-content\/uploads\/2022\/03\/344A4443-300x200.jpg 300w, https:\/\/www.froerupforsamlingshus.dk\/wp-content\/uploads\/2022\/03\/344A4443-768x512.jpg 768w, https:\/\/www.froerupforsamlingshus.dk\/wp-content\/uploads\/2022\/03\/344A4443-1536x1024.jpg 1536w, https:\/\/www.froerupforsamlingshus.dk\/wp-content\/uploads\/2022\/03\/344A4443-2048x1365.jpg 2048w\" sizes=\"auto, (max-width: 1024px) 100vw, 1024px\" \/><\/figure>\n\n\n\n<figure class=\"wp-block-gallery has-nested-images columns-default is-cropped wp-block-gallery-1 is-layout-flex wp-block-gallery-is-layout-flex\">\n<figure class=\"wp-block-image size-large\"><img loading=\"lazy\" decoding=\"async\" width=\"576\" height=\"1024\" data-id=\"259\" src=\"https:\/\/www.froerupforsamlingshus.dk\/wp-content\/uploads\/2022\/01\/2015-03-21-09.37.58-576x1024.jpg\" alt=\"\" class=\"wp-image-259\" srcset=\"https:\/\/www.froerupforsamlingshus.dk\/wp-content\/uploads\/2022\/01\/2015-03-21-09.37.58-576x1024.jpg 576w, https:\/\/www.froerupforsamlingshus.dk\/wp-content\/uploads\/2022\/01\/2015-03-21-09.37.58-169x300.jpg 169w, https:\/\/www.froerupforsamlingshus.dk\/wp-content\/uploads\/2022\/01\/2015-03-21-09.37.58-768x1365.jpg 768w, https:\/\/www.froerupforsamlingshus.dk\/wp-content\/uploads\/2022\/01\/2015-03-21-09.37.58-864x1536.jpg 864w, https:\/\/www.froerupforsamlingshus.dk\/wp-content\/uploads\/2022\/01\/2015-03-21-09.37.58.jpg 923w\" sizes=\"auto, (max-width: 576px) 100vw, 576px\" \/><\/figure>\n\n\n\n<figure class=\"wp-block-image size-large\"><img loading=\"lazy\" decoding=\"async\" width=\"1024\" height=\"576\" data-id=\"260\" src=\"https:\/\/www.froerupforsamlingshus.dk\/wp-content\/uploads\/2022\/01\/2015-03-21-13.10.05-1024x576.jpg\" alt=\"\" class=\"wp-image-260\" srcset=\"https:\/\/www.froerupforsamlingshus.dk\/wp-content\/uploads\/2022\/01\/2015-03-21-13.10.05-1024x576.jpg 1024w, https:\/\/www.froerupforsamlingshus.dk\/wp-content\/uploads\/2022\/01\/2015-03-21-13.10.05-300x169.jpg 300w, https:\/\/www.froerupforsamlingshus.dk\/wp-content\/uploads\/2022\/01\/2015-03-21-13.10.05-768x432.jpg 768w, https:\/\/www.froerupforsamlingshus.dk\/wp-content\/uploads\/2022\/01\/2015-03-21-13.10.05-1536x864.jpg 1536w, https:\/\/www.froerupforsamlingshus.dk\/wp-content\/uploads\/2022\/01\/2015-03-21-13.10.05.jpg 1800w\" sizes=\"auto, (max-width: 1024px) 100vw, 1024px\" \/><\/figure>\n\n\n\n<figure class=\"wp-block-image size-large\"><img loading=\"lazy\" decoding=\"async\" width=\"1024\" height=\"576\" data-id=\"262\" src=\"https:\/\/www.froerupforsamlingshus.dk\/wp-content\/uploads\/2022\/01\/2017-01-28-15.18.07-1024x576.jpg\" alt=\"\" class=\"wp-image-262\" srcset=\"https:\/\/www.froerupforsamlingshus.dk\/wp-content\/uploads\/2022\/01\/2017-01-28-15.18.07-1024x576.jpg 1024w, https:\/\/www.froerupforsamlingshus.dk\/wp-content\/uploads\/2022\/01\/2017-01-28-15.18.07-300x169.jpg 300w, https:\/\/www.froerupforsamlingshus.dk\/wp-content\/uploads\/2022\/01\/2017-01-28-15.18.07-768x432.jpg 768w, https:\/\/www.froerupforsamlingshus.dk\/wp-content\/uploads\/2022\/01\/2017-01-28-15.18.07-1536x864.jpg 1536w, https:\/\/www.froerupforsamlingshus.dk\/wp-content\/uploads\/2022\/01\/2017-01-28-15.18.07.jpg 1800w\" sizes=\"auto, (max-width: 1024px) 100vw, 1024px\" \/><\/figure>\n\n\n\n<figure class=\"wp-block-image size-large\"><img loading=\"lazy\" decoding=\"async\" width=\"576\" height=\"1024\" data-id=\"263\" src=\"https:\/\/www.froerupforsamlingshus.dk\/wp-content\/uploads\/2022\/01\/2017-01-28-15.18.13-576x1024.jpg\" alt=\"\" class=\"wp-image-263\" srcset=\"https:\/\/www.froerupforsamlingshus.dk\/wp-content\/uploads\/2022\/01\/2017-01-28-15.18.13-576x1024.jpg 576w, https:\/\/www.froerupforsamlingshus.dk\/wp-content\/uploads\/2022\/01\/2017-01-28-15.18.13-169x300.jpg 169w, https:\/\/www.froerupforsamlingshus.dk\/wp-content\/uploads\/2022\/01\/2017-01-28-15.18.13-768x1365.jpg 768w, https:\/\/www.froerupforsamlingshus.dk\/wp-content\/uploads\/2022\/01\/2017-01-28-15.18.13-864x1536.jpg 864w, https:\/\/www.froerupforsamlingshus.dk\/wp-content\/uploads\/2022\/01\/2017-01-28-15.18.13.jpg 923w\" sizes=\"auto, (max-width: 576px) 100vw, 576px\" \/><\/figure>\n\n\n\n<figure class=\"wp-block-image size-large\"><img loading=\"lazy\" decoding=\"async\" width=\"1024\" height=\"576\" data-id=\"264\" src=\"https:\/\/www.froerupforsamlingshus.dk\/wp-content\/uploads\/2022\/01\/2017-03-02-11.59.06-1024x576.jpg\" alt=\"\" class=\"wp-image-264\" srcset=\"https:\/\/www.froerupforsamlingshus.dk\/wp-content\/uploads\/2022\/01\/2017-03-02-11.59.06-1024x576.jpg 1024w, https:\/\/www.froerupforsamlingshus.dk\/wp-content\/uploads\/2022\/01\/2017-03-02-11.59.06-300x169.jpg 300w, https:\/\/www.froerupforsamlingshus.dk\/wp-content\/uploads\/2022\/01\/2017-03-02-11.59.06-768x432.jpg 768w, https:\/\/www.froerupforsamlingshus.dk\/wp-content\/uploads\/2022\/01\/2017-03-02-11.59.06-1536x864.jpg 1536w, https:\/\/www.froerupforsamlingshus.dk\/wp-content\/uploads\/2022\/01\/2017-03-02-11.59.06.jpg 1800w\" sizes=\"auto, (max-width: 1024px) 100vw, 1024px\" \/><\/figure>\n\n\n\n<figure class=\"wp-block-image size-large\"><img loading=\"lazy\" decoding=\"async\" width=\"1024\" height=\"576\" data-id=\"265\" src=\"https:\/\/www.froerupforsamlingshus.dk\/wp-content\/uploads\/2022\/01\/2017-03-02-12.00.35-1024x576.jpg\" alt=\"\" class=\"wp-image-265\" srcset=\"https:\/\/www.froerupforsamlingshus.dk\/wp-content\/uploads\/2022\/01\/2017-03-02-12.00.35-1024x576.jpg 1024w, https:\/\/www.froerupforsamlingshus.dk\/wp-content\/uploads\/2022\/01\/2017-03-02-12.00.35-300x169.jpg 300w, https:\/\/www.froerupforsamlingshus.dk\/wp-content\/uploads\/2022\/01\/2017-03-02-12.00.35-768x432.jpg 768w, https:\/\/www.froerupforsamlingshus.dk\/wp-content\/uploads\/2022\/01\/2017-03-02-12.00.35-1536x864.jpg 1536w, https:\/\/www.froerupforsamlingshus.dk\/wp-content\/uploads\/2022\/01\/2017-03-02-12.00.35.jpg 1800w\" sizes=\"auto, (max-width: 1024px) 100vw, 1024px\" \/><\/figure>\n\n\n\n<figure class=\"wp-block-image size-large\"><img loading=\"lazy\" decoding=\"async\" width=\"1024\" height=\"576\" data-id=\"267\" src=\"https:\/\/www.froerupforsamlingshus.dk\/wp-content\/uploads\/2022\/01\/2017-10-09-16.58.23-1024x576.jpg\" alt=\"\" class=\"wp-image-267\" srcset=\"https:\/\/www.froerupforsamlingshus.dk\/wp-content\/uploads\/2022\/01\/2017-10-09-16.58.23-1024x576.jpg 1024w, https:\/\/www.froerupforsamlingshus.dk\/wp-content\/uploads\/2022\/01\/2017-10-09-16.58.23-300x169.jpg 300w, https:\/\/www.froerupforsamlingshus.dk\/wp-content\/uploads\/2022\/01\/2017-10-09-16.58.23-768x432.jpg 768w, https:\/\/www.froerupforsamlingshus.dk\/wp-content\/uploads\/2022\/01\/2017-10-09-16.58.23-1536x864.jpg 1536w, https:\/\/www.froerupforsamlingshus.dk\/wp-content\/uploads\/2022\/01\/2017-10-09-16.58.23.jpg 1800w\" sizes=\"auto, (max-width: 1024px) 100vw, 1024px\" \/><\/figure>\n\n\n\n<figure class=\"wp-block-image size-large\"><img loading=\"lazy\" decoding=\"async\" width=\"960\" height=\"540\" data-id=\"268\" src=\"https:\/\/www.froerupforsamlingshus.dk\/wp-content\/uploads\/2022\/01\/Dilettant-3.jpg\" alt=\"\" class=\"wp-image-268\" srcset=\"https:\/\/www.froerupforsamlingshus.dk\/wp-content\/uploads\/2022\/01\/Dilettant-3.jpg 960w, https:\/\/www.froerupforsamlingshus.dk\/wp-content\/uploads\/2022\/01\/Dilettant-3-300x169.jpg 300w, https:\/\/www.froerupforsamlingshus.dk\/wp-content\/uploads\/2022\/01\/Dilettant-3-768x432.jpg 768w\" sizes=\"auto, (max-width: 960px) 100vw, 960px\" \/><\/figure>\n\n\n\n<figure class=\"wp-block-image size-large\"><img loading=\"lazy\" decoding=\"async\" width=\"1024\" height=\"576\" data-id=\"266\" src=\"https:\/\/www.froerupforsamlingshus.dk\/wp-content\/uploads\/2022\/01\/2017-08-29-14.59.43-1024x576.jpg\" alt=\"\" class=\"wp-image-266\" srcset=\"https:\/\/www.froerupforsamlingshus.dk\/wp-content\/uploads\/2022\/01\/2017-08-29-14.59.43-1024x576.jpg 1024w, https:\/\/www.froerupforsamlingshus.dk\/wp-content\/uploads\/2022\/01\/2017-08-29-14.59.43-300x169.jpg 300w, https:\/\/www.froerupforsamlingshus.dk\/wp-content\/uploads\/2022\/01\/2017-08-29-14.59.43-768x432.jpg 768w, https:\/\/www.froerupforsamlingshus.dk\/wp-content\/uploads\/2022\/01\/2017-08-29-14.59.43-1536x864.jpg 1536w, https:\/\/www.froerupforsamlingshus.dk\/wp-content\/uploads\/2022\/01\/2017-08-29-14.59.43.jpg 1800w\" sizes=\"auto, (max-width: 1024px) 100vw, 1024px\" \/><\/figure>\n<\/figure>\n\n\n\n<figure class=\"wp-block-image size-medium\"><img loading=\"lazy\" decoding=\"async\" width=\"300\" height=\"225\" src=\"https:\/\/www.froerupforsamlingshus.dk\/wp-content\/uploads\/2022\/03\/IMG_7388-300x225.jpeg\" alt=\"\" class=\"wp-image-859\" srcset=\"https:\/\/www.froerupforsamlingshus.dk\/wp-content\/uploads\/2022\/03\/IMG_7388-300x225.jpeg 300w, https:\/\/www.froerupforsamlingshus.dk\/wp-content\/uploads\/2022\/03\/IMG_7388-1024x768.jpeg 1024w, https:\/\/www.froerupforsamlingshus.dk\/wp-content\/uploads\/2022\/03\/IMG_7388-768x576.jpeg 768w, https:\/\/www.froerupforsamlingshus.dk\/wp-content\/uploads\/2022\/03\/IMG_7388-1536x1152.jpeg 1536w, https:\/\/www.froerupforsamlingshus.dk\/wp-content\/uploads\/2022\/03\/IMG_7388.jpeg 2048w\" sizes=\"auto, (max-width: 300px) 100vw, 300px\" \/><\/figure>\n\n\n\n<figure class=\"wp-block-image size-medium\"><img loading=\"lazy\" decoding=\"async\" width=\"300\" height=\"200\" src=\"https:\/\/www.froerupforsamlingshus.dk\/wp-content\/uploads\/2022\/03\/DSC9919-300x200.jpg\" alt=\"\" class=\"wp-image-860\" srcset=\"https:\/\/www.froerupforsamlingshus.dk\/wp-content\/uploads\/2022\/03\/DSC9919-300x200.jpg 300w, https:\/\/www.froerupforsamlingshus.dk\/wp-content\/uploads\/2022\/03\/DSC9919-1024x683.jpg 1024w, https:\/\/www.froerupforsamlingshus.dk\/wp-content\/uploads\/2022\/03\/DSC9919-768x512.jpg 768w, https:\/\/www.froerupforsamlingshus.dk\/wp-content\/uploads\/2022\/03\/DSC9919-1536x1024.jpg 1536w, https:\/\/www.froerupforsamlingshus.dk\/wp-content\/uploads\/2022\/03\/DSC9919-2048x1365.jpg 2048w\" sizes=\"auto, (max-width: 300px) 100vw, 300px\" \/><\/figure>\n","protected":false},"excerpt":{"rendered":"<p>Vores store&nbsp;sal er oplagt til at afholde st\u00f8rre arrangementer i forbindelse med barned\u00e5b, bryllup, konfirmation, f\u00f8dselsdag eller andet. Salen m\u00e5ler ca. 17,5 meter x 8 meter. Der m\u00e5 v\u00e6re maks. 100 personer i store sal. Billeder fra Store Sal<\/p>\n","protected":false},"author":1,"featured_media":0,"parent":207,"menu_order":0,"comment_status":"closed","ping_status":"closed","template":"","meta":{"footnotes":""},"class_list":["post-104","page","type-page","status-publish"],"_links":{"self":[{"href":"https:\/\/www.froerupforsamlingshus.dk\/index.php?rest_route=\/wp\/v2\/pages\/104","targetHints":{"allow":["GET"]}}],"collection":[{"href":"https:\/\/www.froerupforsamlingshus.dk\/index.php?rest_route=\/wp\/v2\/pages"}],"about":[{"href":"https:\/\/www.froerupforsamlingshus.dk\/index.php?rest_route=\/wp\/v2\/types\/page"}],"author":[{"embeddable":true,"href":"https:\/\/www.froerupforsamlingshus.dk\/index.php?rest_route=\/wp\/v2\/users\/1"}],"replies":[{"embeddable":true,"href":"https:\/\/www.froerupforsamlingshus.dk\/index.php?rest_route=%2Fwp%2Fv2%2Fcomments&post=104"}],"version-history":[{"count":6,"href":"https:\/\/www.froerupforsamlingshus.dk\/index.php?rest_route=\/wp\/v2\/pages\/104\/revisions"}],"predecessor-version":[{"id":861,"href":"https:\/\/www.froerupforsamlingshus.dk\/index.php?rest_route=\/wp\/v2\/pages\/104\/revisions\/861"}],"up":[{"embeddable":true,"href":"https:\/\/www.froerupforsamlingshus.dk\/index.php?rest_route=\/wp\/v2\/pages\/207"}],"wp:attachment":[{"href":"https:\/\/www.froerupforsamlingshus.dk\/index.php?rest_route=%2Fwp%2Fv2%2Fmedia&parent=104"}],"curies":[{"name":"wp","href":"https:\/\/api.w.org\/{rel}","templated":true}]}}